 25*n**2 + 24*n + 26. Give z(24).
26
Let m(k) = 3*k**2 + 12*k + 14. What is m(-3)?
5
Let c(w) = w**2 - 10*w - 46. Determine c(13).
-7
Let p(r) = -r - 7. Determine p(-19).
12
Let k(f) = -2*f**2 - 69*f - 29. Give k(-34).
5
Let s(k) = -3*k + 9. Give s(-9).
36
Let l(s) = -2*s + 2. Give l(-12).
26
Let b(z) = 11*z + 102. Give b(-5).
47
Let m(x) = x**3 + 23*x**2 - 24*x - 4. Calculate m(-24).
-4
Let f(v) = 3*v**2 - 34*v + 97. What is f(6)?
1
Let l(t) = -t**3 - 12*t**2 + 10*t - 32. Give l(-13).
7
Let y(c) = -c**3 + 19*c**2 - 34*c - 3. Give y(17).
-3
Let v(r) = 2*r**3 + 17*r**2 + 16*r + 9. What is v(-7)?
44
Let a(g) = g**2 - 19*g + 95. Calculate a(9).
5
Let m(h) = 13*h**2 + 6*h + 7. Determine m(-2).
47
Let s(t) = t**3 + 7*t**2 - 12*t - 22. Determine s(-8).
10
Let v(x) = 4*x + 7. What is v(-4)?
-9
Let m(j) = j**3 - 24*j**2 - 26*j + 30. Give m(25).
5
Let l(u) = 5*u**2 - 46*u + 5. Determine l(9).
-4
Let d(o) = -o**2 - 8*o - 21. Determine d(-6).
-9
Let w(x) = x + 18. Determine w(-5).
13
Let u(l) = -l**2 - 8*l - 10. Calculate u(-8).
-10
Let w(u) = u**3 + 4*u**2 + 6*u + 1. Calculate w(-4).
-23
Let q(l) = -l**2 + 12*l + 17. Calculate q(14).
-11
Let o(j) = -j**3 - 7*j**2 + 11*j + 4. Determine o(-8).
-20
Let a(z) = -2*z**3 + 7*z**2 + 35*z - 108. What is a(3)?
6
Let s(p) = 2*p + 13. Determine s(0).
13
Let w(a) = -11*a - 37. Give w(-5).
18
Let v(l) = -l**3 - 18*l**2 - 20*l - 53. What is v(-17)?
-2
Let w(t) = -t**3 - 8*t**2 + 9*t + 2. What is w(-9)?
2
Let l(o) = -5*o - 18. Give l(-11).
37
Let v(l) = -3*l. Determine v(-4).
12
Let j(c) = 31*c + 290. What is j(-9)?
11
Let r(y) = y + 10. Calculate r(-5).
5
Let w(c) = -c + 3. Determine w(-13).
16
Let o(j) = -j**3 + 4*j**2 - 4*j - 5. Determine o(4).
-21
Let m(b) = -b**2 - 4*b + 9. Give m(-6).
-3
Let a(q) = -10*q + 104. Calculate a(10).
4
Let d(h) = 4*h - 3. Determine d(2).
5
Let f(p) = -p**3 + p**2 + p + 5. Give f(3).
-10
Let r(s) = 2*s**2 + 3*s - 14. Calculate r(-6).
40
Let v(x) = x**2 - 2*x + 3. Calculate v(2).
3
Let n(x) = x**2 + 14*x + 7. Give n(-13).
-6
Let q(j) = 27*j**3 + 2*j**2 + 4*j + 2. Give q(-1).
-27
Let h(l) = -l**2 + 4*l - 5. Calculate h(-5).
-50
Let m(c) = c**3 + 7*c**2 + 17*c + 31. What is m(-2)?
17
Let y(s) = -s + 12. What is y(6)?
6
Let h(q) = 32*q + 39. Give h(-1).
7
Let m(t) = -t**2 + 16*t + 214. Determine m(25).
-11
Let b(s) = -2*s**2 + 59*s - 368. What is b(9)?
1
Let r(q) = q - 28. Calculate r(19).
-9
Let w(t) = 42*t + 13. What is w(-2)?
-71
Let x(i) = -6*i + 1. Calculate x(7).
-41
Let b(m) = m**3 - 7*m**2 - 10*m + 15. Determine b(8).
-1
Let k(f) = -72*f + 170. Give k(2).
26
Let z(u) = u**2 - 19*u + 43. Determine z(17).
9
Let y(i) = -2*i + 3. Determine y(1).
1
Let v(y) = -y**2 - 3*y - 7. Calculate v(0).
-7
Let m(g) = g**3 + g**2 - 4*g + 7. Calculate m(-3).
1
Let r(f) = f**3 - 39*f**2 + 46*f - 310. What is r(38)?
-6
Let o(z) = z**2 + 3*z - 1. Calculate o(-7).
27
Let w(d) = 2*d. Determine w(14).
28
Let i(f) = f**3 - 3*f**2 + f - 2. Determine i(5).
53
Let w(j) = -j + 2. Determine w(-7).
9
Let y(t) = 3*t**2 - 10*t + 2. What is y(4)?
10
Let h(b) = -20*b + 19. Determine h(3).
-41
Let p(a) = a**3 + 15*a**2 + 16*a + 21. Give p(-14).
-7
Let b(j) = -j**2 - 4*j. Give b(3).
-21
Let o(d) = -2*d**3 - 2*d - 2. Give o(0).
-2
Let q(d) = 6*d - 15. Determine q(10).
45
Let j(k) = -k**3 + 5*k**2 + 5*k + 1. Calculate j(6).
-5
Let x(g) = -g**3 - g**2 - g + 19. Give x(0).
19
Let i(g) = g**3 - 18*g**2 + 33*g - 16. Determine i(16).
0
Let f(u) = -u**3 - 10*u**2 + 10*u - 5. Determine f(-11).
6
Let v(g) = -g**3 + 8*g**2 - 19*g + 1. What is v(6)?
-41
Let l(r) = -r**3 + 22*r**2 - 18*r - 67. Determine l(21).
-4
Let n(o) = 28*o - 52. What is n(2)?
4
Let n(r) = 16*r + 106. What is n(-7)?
-6
Let j(a) = a**2 + 10*a - 9. Determine j(-8).
-25
Let v(t) = t**2 + 10*t + 10. Give v(-8).
-6
Let j(g) = g**3 - 8*g**2 + 9*g - 5. Give j(7).
9
Let p(l) = 4*l**2 - 32*l + 1. Determine p(8).
1
Let k(m) = -2*m + 21. Calculate k(12).
-3
Let f(r) = -34*r - 3. Calculate f(1).
-37
Let j(a) = a**2 - 16. What is j(0)?
-16
Let l(a) = 2*a**2 - 10*a + 2. Give l(4).
-6
Let r(p) = -p + 7. Give r(1).
6
Let z(g) = g - 24. Calculate z(-16).
-40
Let y(b) = -b**3 - 7*b**2 + 5*b + 15. Calculate y(-8).
39
Let r(i) = 11*i**2 + 12*i + 10. What is r(-1)?
9
Let v(p) = -2*p + 6. Calculate v(0).
6
Let r(c) = -c**3 + 16*c**2 - 15*c + 5. What is r(15)?
5
Let m(q) = q**3 + 15*q**2 + 15*q. What is m(-14)?
-14
Let q(h) = -h**2 + 10*h - 7. Determine q(3).
14
Let y(n) = -n**3 - 11*n**2 - 12*n - 17. Give y(-8).
-113
Let y(n) = n**3 + 3*n**2 - n - 6. What is y(-2)?
0
Let u(x) = x**3 + 10*x**2 - 7*x - 2. What is u(1)?
2
Let f(i) = -6*i**2 - 12*i + 4. Calculate f(-2).
4
Let i(x) = -x**2 - 4*x + 4. Determine i(4).
-28
Let q(s) = -12*s - 3. Calculate q(-2).
21
Let t(n) = -21*n - 311. What is t(-15)?
4
Let d(m) = 6*m + 1. Give d(2).
13
Let g(f) = f**2 - 4*f - 70. What is g(11)?
7
Let y(t) = t**2 + t + 4. What is y(-5)?
24
Let r(n) = 3*n + 21. Give r(-9).
-6
Let b(s) = s**3 + 10*s**2 + 4*s + 39. Determine b(-10).
-1
Let a(f) = f**3 + 20*f**2 + 45*f + 23. Calculate a(-18).
-139
Let f(m) = -m**2 - 6*m - 4. Calculate f(-4).
4
Let r(p) = p**3 + p**2 + 3*p + 5. What is r(-2)?
-5
Let w(r) = -59*r - 72. Determine w(-1).
-13
Let t(n) = -n**3 - n**2 + 46. What is t(0)?
46
Let u(d) = 2*d**3 - 6*d**2 - 5*d - 9. Calculate u(4).
3
Let y(c) = c**3 + c**2 + 4*c + 2. What is y(-3)?
-28
Let f(t) = t**3 + 7*t - 1. What is f(-3)?
-49
Let k(m) = -m**3 - 6*m**2 - 3*m + 1. Give k(-5).
-9
Let m(r) = -3*r + 82. Calculate m(27).
1
Let a(n) = -n + 13. Determine a(-18).
31
Let r(d) = 4*d**2 + 5*d + 1. Determine r(-2).
7
Let a(u) = -u**2 - 25*u - 37. Give a(-28).
-121
Let z(w) = -4*w - 15. Calculate z(-7).
13
Let w(q) = 2*q - 2. Determine w(10).
18
Let h(l) = l**2 + 15*l + 17. What is h(-15)?
17
Let t(n) = 12*n + 77. What is t(-7)?
-7
Let i(n) = 4*n**2 - 2*n - 21. Determine i(-3).
21
Let m(x) = x**3 - 6*x**2 + 4*x + 10. Calculate m(4).
-6
Let n(z) = 5*z - 12. Determine n(-20).
-112
Let j(x) = -x**3 + 7*x**2 + 6*x + 4. What is j(8)?
-12
Let x(l) = 3*l**3 + 11*l**2 - l + 3. Calculate x(-4).
-9
Let m(a) = 13*a + 366. Give m(-29).
-11
Let y(m) = -m**3 + 7*m**2 + 9*m - 17. Calculate y(8).
-9
Let d(q) = -7*q + 8. Calculate d(7).
-41
Let h(w) = -101*w + 312. What is h(3)?
9
Let d(p) = -p**3 + 4*p**2 + 5*p + 4. Calculate d(5).
4
Let t(d) = -3*d - 6. Determine t(-6).
12
Let l(c) = -8*c**2 + 130*c - 27. Calculate l(16).
5
Let k(a) = -16*a**2 - 83*a - 4. Determine k(-5).
11
Let i(m) = -5*m - 3. Determine i(-2).
7
Let q(v) = -6*v - 84. Give q(-13).
-6
Let t(o) = -o**3 - 3*o**2 + 5*o + 18. What is t(-3)?
3
Let b(o) = o**3 - 4*o**2 - 4*o + 2. Give b(4).
-14
Let o(x) = x**3 + 25*x**2 - 28*x + 8. Determine o(-26).
60
Let p(s) = -s + 12. Give p(6).
6
Let j(b) = -25*b**2 - 5*b + 4. What is j(1)?
-26
Let k(c) = c**2 - c - 126. Determine k(12).
6
Let d(i) = -i**2 + 44*i - 399. What is d(31)?
4
Let y(f) = 2*f**2 - 28*f - 82. Give y(16).
-18
Let n(y) = y**3 + 2*y**2 + y - 4. Determine n(0).
-4
Let o(p) = -p**3 + 8*p**2 - 23. Give o(8).
-23
Let u(a) = a**3 - 3*a**2 + a - 3. What is u(3)?
0
Let z(i) = -i**2 - 11*i - 2. Calculate z(-7).
26
Let d(g) = -g - 4. Give d(4).
-8
Let o(w) = -w**3 + 6*w**2 + w - 5. Give o(6).
1
Let l(r) = 3*r**3 - r**2 - 2*r. What is l(2)?
16
Let t(b) = 2*b**2 - 29*b + 52. Determine t(13).
13
Let w(y) = -3*y**2 + 36*y + 72. Calculate w(14).
-12
Let v(i) = i**3 + 7*i**2 - 10*i - 2. Calculate v(-8).
14
Let t(j) = j**3 + j**2 + j + 49. Calculate t(0).
49
Let n(t) = -t**3 + 10*t**2 - 16*t + 3. What is n(8)?
3
Let r(x) = x**2 + 7*x - 44. What is r(-13)?
34
Let i(z) = 14*z - 231. Calculate i(13).
-49
Let b(w) = -5*w + 17. Determine b(9).
-28
Let k(m) = -2*m**2 - 8*m - 15. Determine k(-3).
-9
Let w(v) = 2*v**3 + 9*v**2 + 14*v + 12. Determine w(-5).
-83
Let o(n) = -9*n**2 + 4*n + 19. Calculate o(-3).
-74
Let d(n) = -n**3 + 5*n**2 + 18*n - 14. Calculate d(7).
14
Let m(p) = 2*p**2 - 10*p - 6. Give m(6).
6
Let k(c) = c**2 + 10*c + 15. Give k(-7).
-6
Let c(q) = 9*q - 25. Calculate c(-3).
-52
Let j(i) = -i**3 - 6*i**2 - 2*i - 8. What is j(-6)?
4
Let m(z) = -98*z + 390. Give m(4).
-2
Let x(s) = -s**3 - 5*s**2 + 5*s - 4. What is x(-6)?
2
Let w(o) = 11*o + 7. Determine w(-3).
-26
Let p(r) = -r**2 + 15*r - 4. Give p(2).
22
Let 